[INFO] fetching crate network-check-sum 0.1.4...
[INFO] checking network-check-sum-0.1.4 against master#cfbc6d4cf1acbac5c025acf8ed68929caa551df3 for pr-75494-beta
[INFO] extracting crate network-check-sum 0.1.4 into /workspace/builds/worker-7/source
[INFO] validating manifest of crates.io crate network-check-sum 0.1.4 on toolchain cfbc6d4cf1acbac5c025acf8ed68929caa551df3
[INFO] running `Command { std: "/workspace/cargo-home/bin/cargo" "+cfbc6d4cf1acbac5c025acf8ed68929caa551df3" "read-manifest" "--manifest-path" "Cargo.toml", kill_on_drop: false }`
[INFO] started tweaking crates.io crate network-check-sum 0.1.4
[INFO] finished tweaking crates.io crate network-check-sum 0.1.4
[INFO] tweaked toml for crates.io crate network-check-sum 0.1.4 written to /workspace/builds/worker-7/source/Cargo.toml
[INFO] running `Command { std: "/workspace/cargo-home/bin/cargo" "+cfbc6d4cf1acbac5c025acf8ed68929caa551df3" "generate-lockfile" "--manifest-path" "Cargo.toml" "-Zno-index-update", kill_on_drop: false }`
[INFO] running `Command { std: "/workspace/cargo-home/bin/cargo" "+cfbc6d4cf1acbac5c025acf8ed68929caa551df3" "fetch" "--locked" "--manifest-path" "Cargo.toml", kill_on_drop: false }`
[INFO] running `Command { std: "docker" "create" "-v" "/var/lib/crater-agent-workspace/builds/worker-7/target:/opt/rustwide/target:rw,Z" "-v" "/var/lib/crater-agent-workspace/builds/worker-7/source:/opt/rustwide/workdir:ro,Z" "-v" "/var/lib/crater-agent-workspace/cargo-home:/opt/rustwide/cargo-home:ro,Z" "-v" "/var/lib/crater-agent-workspace/rustup-home:/opt/rustwide/rustup-home:ro,Z" "-e" "SOURCE_DIR=/opt/rustwide/workdir" "-e" "CARGO_TARGET_DIR=/opt/rustwide/target" "-e" "CARGO_HOME=/opt/rustwide/cargo-home" "-e" "RUSTUP_HOME=/opt/rustwide/rustup-home" "-w" "/opt/rustwide/workdir" "-m" "1610612736" "--user" "0:0" "--network" "none" "rustops/crates-build-env@sha256:a636fd89d022f18117e1dc8fb37a0a009933cdbbe082814857f0e2024962d47c" "/opt/rustwide/cargo-home/bin/cargo" "+cfbc6d4cf1acbac5c025acf8ed68929caa551df3" "metadata" "--no-deps" "--format-version=1", kill_on_drop: false }`
[INFO] [stdout] c463f1f4962e2c2c6ddf9445b5325c00656c53df32428b1c0a4c8912080da321
[INFO] [stderr] WARNING: Your kernel does not support swap limit capabilities or the cgroup is not mounted. Memory limited without swap.
[INFO] running `Command { std: "docker" "start" "-a" "c463f1f4962e2c2c6ddf9445b5325c00656c53df32428b1c0a4c8912080da321", kill_on_drop: false }`
[INFO] running `Command { std: "docker" "inspect" "c463f1f4962e2c2c6ddf9445b5325c00656c53df32428b1c0a4c8912080da321", kill_on_drop: false }`
[INFO] running `Command { std: "docker" "rm" "-f" "c463f1f4962e2c2c6ddf9445b5325c00656c53df32428b1c0a4c8912080da321", kill_on_drop: false }`
[INFO] [stdout] c463f1f4962e2c2c6ddf9445b5325c00656c53df32428b1c0a4c8912080da321
[INFO] running `Command { std: "docker" "create" "-v" "/var/lib/crater-agent-workspace/builds/worker-7/target:/opt/rustwide/target:rw,Z" "-v" "/var/lib/crater-agent-workspace/builds/worker-7/source:/opt/rustwide/workdir:ro,Z" "-v" "/var/lib/crater-agent-workspace/cargo-home:/opt/rustwide/cargo-home:ro,Z" "-v" "/var/lib/crater-agent-workspace/rustup-home:/opt/rustwide/rustup-home:ro,Z" "-e" "SOURCE_DIR=/opt/rustwide/workdir" "-e" "CARGO_TARGET_DIR=/opt/rustwide/target" "-e" "CARGO_INCREMENTAL=0" "-e" "RUST_BACKTRACE=full" "-e" "RUSTFLAGS=--cap-lints=forbid" "-e" "CARGO_HOME=/opt/rustwide/cargo-home" "-e" "RUSTUP_HOME=/opt/rustwide/rustup-home" "-w" "/opt/rustwide/workdir" "-m" "1610612736" "--user" "0:0" "--network" "none" "rustops/crates-build-env@sha256:a636fd89d022f18117e1dc8fb37a0a009933cdbbe082814857f0e2024962d47c" "/opt/rustwide/cargo-home/bin/cargo" "+cfbc6d4cf1acbac5c025acf8ed68929caa551df3" "check" "--frozen" "--all" "--all-targets" "--message-format=json", kill_on_drop: false }`
[INFO] [stdout] 65cdef657b87cea3a97eb18f0dae380435501e8557af12f42be32b8229326982
[INFO] [stderr] WARNING: Your kernel does not support swap limit capabilities or the cgroup is not mounted. Memory limited without swap.
[INFO] running `Command { std: "docker" "start" "-a" "65cdef657b87cea3a97eb18f0dae380435501e8557af12f42be32b8229326982", kill_on_drop: false }`
[INFO] [stderr]     Checking network-endian v0.1.5
[INFO] [stdout] error[E0554]: `#![feature]` may not be used on the beta release channel
[INFO] [stdout]  --> /opt/rustwide/cargo-home/registry/src/github.com-1ecc6299db9ec823/network-endian-0.1.5/src/lib.rs:7:1
[INFO] [stdout]   |
[INFO] [stdout] 7 | #![feature(const_fn)]
[INFO] [stdout]   | ^^^^^^^^^^^^^^^^^^^^^
[INFO] [stdout] 
[INFO] [stdout] 
[INFO] [stdout] error[E0599]: no function or associated item named `from_bytes` found for type `u16` in the current scope
[INFO] [stdout]   --> /opt/rustwide/cargo-home/registry/src/github.com-1ecc6299db9ec823/network-endian-0.1.5/src/NetworkEndianU16.rs:16:21
[INFO] [stdout]    |
[INFO] [stdout] 16 |         u16::from_be(u16::from_bytes(self.0)).partial_cmp(&u16::from_be(u16::from_bytes(other.0)))
[INFO] [stdout]    |                           ^^^^^^^^^^
[INFO] [stdout]    |                           |
[INFO] [stdout]    |                           function or associated item not found in `u16`
[INFO] [stdout]    |                           help: there is an associated function with a similar name: `from_be`
[INFO] [stdout] 
[INFO] [stdout] 
[INFO] [stdout] error[E0599]: no function or associated item named `from_bytes` found for type `u16` in the current scope
[INFO] [stdout]   --> /opt/rustwide/cargo-home/registry/src/github.com-1ecc6299db9ec823/network-endian-0.1.5/src/NetworkEndianU16.rs:16:72
[INFO] [stdout]    |
[INFO] [stdout] 16 |         u16::from_be(u16::from_bytes(self.0)).partial_cmp(&u16::from_be(u16::from_bytes(other.0)))
[INFO] [stdout]    |                                                                              ^^^^^^^^^^
[INFO] [stdout]    |                                                                              |
[INFO] [stdout]    |                                                                              function or associated item not found in `u16`
[INFO] [stdout]    |                                                                              help: there is an associated function with a similar name: `from_be`
[INFO] [stdout] 
[INFO] [stdout] 
[INFO] [stdout] error[E0599]: no function or associated item named `from_bytes` found for type `u16` in the current scope
[INFO] [stdout]   --> /opt/rustwide/cargo-home/registry/src/github.com-1ecc6299db9ec823/network-endian-0.1.5/src/NetworkEndianU16.rs:25:21
[INFO] [stdout]    |
[INFO] [stdout] 25 |         u16::from_be(u16::from_bytes(self.0)).cmp(&u16::from_be(u16::from_bytes(other.0)))
[INFO] [stdout]    |                           ^^^^^^^^^^
[INFO] [stdout]    |                           |
[INFO] [stdout]    |                           function or associated item not found in `u16`
[INFO] [stdout]    |                           help: there is an associated function with a similar name: `from_be`
[INFO] [stdout] 
[INFO] [stdout] 
[INFO] [stdout] error[E0599]: no function or associated item named `from_bytes` found for type `u16` in the current scope
[INFO] [stdout]   --> /opt/rustwide/cargo-home/registry/src/github.com-1ecc6299db9ec823/network-endian-0.1.5/src/NetworkEndianU16.rs:25:64
[INFO] [stdout]    |
[INFO] [stdout] 25 |         u16::from_be(u16::from_bytes(self.0)).cmp(&u16::from_be(u16::from_bytes(other.0)))
[INFO] [stdout]    |                                                                      ^^^^^^^^^^
[INFO] [stdout]    |                                                                      |
[INFO] [stdout]    |                                                                      function or associated item not found in `u16`
[INFO] [stdout]    |                                                                      help: there is an associated function with a similar name: `from_be`
[INFO] [stdout] 
[INFO] [stdout] 
[INFO] [stdout] error[E0599]: no method named `to_bytes` found for type `u16` in the current scope
[INFO] [stdout]    --> /opt/rustwide/cargo-home/registry/src/github.com-1ecc6299db9ec823/network-endian-0.1.5/src/NetworkEndianU16.rs:113:42
[INFO] [stdout]     |
[INFO] [stdout] 113 |         NetworkEndianU16(native_endian.to_be().to_bytes())
[INFO] [stdout]     |                                                ^^^^^^^^ method not found in `u16`
[INFO] [stdout]     |
[INFO] [stdout]     = help: items from traits can only be used if the trait is implemented and in scope
[INFO] [stdout] note: `NetworkEndian` defines an item `to_bytes`, perhaps you need to implement it
[INFO] [stdout]    --> /opt/rustwide/cargo-home/registry/src/github.com-1ecc6299db9ec823/network-endian-0.1.5/src/NetworkEndian.rs:6:1
[INFO] [stdout]     |
[INFO] [stdout] 6   | pub trait NetworkEndian: Sized + Default + Debug + Copy + Clone + PartialOrd + Ord + PartialEq + Eq + Hash + Display + Serialize + DeserializeOwned
[INFO] [stdout]     | ^^^^^^^^^^^^^^^^^^^^^^^^^^^^^^^^^^^^^^^^^^^^^^^^^^^^^^^^^^^^^^^^^^^^^^^^^^^^^^^^^^^^^^^^^^^^^^^^^^^^^^^^^^^^^^^^^^^^^^^^^^^^^^^^^^^^^^^^^^^^^^^^^^^
[INFO] [stdout] 
[INFO] [stdout] 
[INFO] [stdout] error[E0599]: no function or associated item named `from_bytes` found for type `u16` in the current scope
[INFO] [stdout]    --> /opt/rustwide/cargo-home/registry/src/github.com-1ecc6299db9ec823/network-endian-0.1.5/src/NetworkEndianU16.rs:126:8
[INFO] [stdout]     |
[INFO] [stdout] 126 |         u16::from_bytes(self.0)
[INFO] [stdout]     |              ^^^^^^^^^^
[INFO] [stdout]     |              |
[INFO] [stdout]     |              function or associated item not found in `u16`
[INFO] [stdout]     |              help: there is an associated function with a similar name: `from_be`
[INFO] [stdout] 
[INFO] [stdout] 
[INFO] [stdout] error[E0599]: no function or associated item named `from_bytes` found for type `u32` in the current scope
[INFO] [stdout]   --> /opt/rustwide/cargo-home/registry/src/github.com-1ecc6299db9ec823/network-endian-0.1.5/src/NetworkEndianU32.rs:16:21
[INFO] [stdout]    |
[INFO] [stdout] 16 |         u32::from_be(u32::from_bytes(self.0)).partial_cmp(&u32::from_be(u32::from_bytes(other.0)))
[INFO] [stdout]    |                           ^^^^^^^^^^
[INFO] [stdout]    |                           |
[INFO] [stdout]    |                           function or associated item not found in `u32`
[INFO] [stdout]    |                           help: there is an associated function with a similar name: `from_be`
[INFO] [stdout] 
[INFO] [stdout] 
[INFO] [stdout] error[E0599]: no function or associated item named `from_bytes` found for type `u32` in the current scope
[INFO] [stdout]   --> /opt/rustwide/cargo-home/registry/src/github.com-1ecc6299db9ec823/network-endian-0.1.5/src/NetworkEndianU32.rs:16:72
[INFO] [stdout]    |
[INFO] [stdout] 16 |         u32::from_be(u32::from_bytes(self.0)).partial_cmp(&u32::from_be(u32::from_bytes(other.0)))
[INFO] [stdout]    |                                                                              ^^^^^^^^^^
[INFO] [stdout]    |                                                                              |
[INFO] [stdout]    |                                                                              function or associated item not found in `u32`
[INFO] [stdout]    |                                                                              help: there is an associated function with a similar name: `from_be`
[INFO] [stdout] 
[INFO] [stdout] 
[INFO] [stdout] error[E0599]: no function or associated item named `from_bytes` found for type `u32` in the current scope
[INFO] [stdout]   --> /opt/rustwide/cargo-home/registry/src/github.com-1ecc6299db9ec823/network-endian-0.1.5/src/NetworkEndianU32.rs:25:21
[INFO] [stdout]    |
[INFO] [stdout] 25 |         u32::from_be(u32::from_bytes(self.0)).cmp(&u32::from_be(u32::from_bytes(other.0)))
[INFO] [stdout]    |                           ^^^^^^^^^^
[INFO] [stdout]    |                           |
[INFO] [stdout]    |                           function or associated item not found in `u32`
[INFO] [stdout]    |                           help: there is an associated function with a similar name: `from_be`
[INFO] [stdout] 
[INFO] [stdout] 
[INFO] [stdout] error[E0599]: no function or associated item named `from_bytes` found for type `u32` in the current scope
[INFO] [stdout]   --> /opt/rustwide/cargo-home/registry/src/github.com-1ecc6299db9ec823/network-endian-0.1.5/src/NetworkEndianU32.rs:25:64
[INFO] [stdout]    |
[INFO] [stdout] 25 |         u32::from_be(u32::from_bytes(self.0)).cmp(&u32::from_be(u32::from_bytes(other.0)))
[INFO] [stdout]    |                                                                      ^^^^^^^^^^
[INFO] [stdout]    |                                                                      |
[INFO] [stdout]    |                                                                      function or associated item not found in `u32`
[INFO] [stdout]    |                                                                      help: there is an associated function with a similar name: `from_be`
[INFO] [stdout] 
[INFO] [stdout] 
[INFO] [stdout] error[E0599]: no method named `to_bytes` found for type `u32` in the current scope
[INFO] [stdout]    --> /opt/rustwide/cargo-home/registry/src/github.com-1ecc6299db9ec823/network-endian-0.1.5/src/NetworkEndianU32.rs:116:42
[INFO] [stdout]     |
[INFO] [stdout] 116 |         NetworkEndianU32(native_endian.to_be().to_bytes())
[INFO] [stdout]     |                                                ^^^^^^^^ method not found in `u32`
[INFO] [stdout]     |
[INFO] [stdout]     = help: items from traits can only be used if the trait is implemented and in scope
[INFO] [stdout] note: `NetworkEndian` defines an item `to_bytes`, perhaps you need to implement it
[INFO] [stdout]    --> /opt/rustwide/cargo-home/registry/src/github.com-1ecc6299db9ec823/network-endian-0.1.5/src/NetworkEndian.rs:6:1
[INFO] [stdout]     |
[INFO] [stdout] 6   | pub trait NetworkEndian: Sized + Default + Debug + Copy + Clone + PartialOrd + Ord + PartialEq + Eq + Hash + Display + Serialize + DeserializeOwned
[INFO] [stdout]     | ^^^^^^^^^^^^^^^^^^^^^^^^^^^^^^^^^^^^^^^^^^^^^^^^^^^^^^^^^^^^^^^^^^^^^^^^^^^^^^^^^^^^^^^^^^^^^^^^^^^^^^^^^^^^^^^^^^^^^^^^^^^^^^^^^^^^^^^^^^^^^^^^^^^
[INFO] [stdout] 
[INFO] [stdout] 
[INFO] [stdout] error[E0599]: no function or associated item named `from_bytes` found for type `u32` in the current scope
[INFO] [stdout]    --> /opt/rustwide/cargo-home/registry/src/github.com-1ecc6299db9ec823/network-endian-0.1.5/src/NetworkEndianU32.rs:129:8
[INFO] [stdout]     |
[INFO] [stdout] 129 |         u32::from_bytes(self.0)
[INFO] [stdout]     |              ^^^^^^^^^^
[INFO] [stdout]     |              |
[INFO] [stdout]     |              function or associated item not found in `u32`
[INFO] [stdout]     |              help: there is an associated function with a similar name: `from_be`
[INFO] [stdout] 
[INFO] [stdout] 
[INFO] [stdout] error[E0599]: no function or associated item named `from_bytes` found for type `u128` in the current scope
[INFO] [stdout]   --> /opt/rustwide/cargo-home/registry/src/github.com-1ecc6299db9ec823/network-endian-0.1.5/src/NetworkEndianU128.rs:16:23
[INFO] [stdout]    |
[INFO] [stdout] 16 |         u128::from_be(u128::from_bytes(self.0)).partial_cmp(&u128::from_be(u128::from_bytes(other.0)))
[INFO] [stdout]    |                             ^^^^^^^^^^
[INFO] [stdout]    |                             |
[INFO] [stdout]    |                             function or associated item not found in `u128`
[INFO] [stdout]    |                             help: there is an associated function with a similar name: `from_be`
[INFO] [stdout] 
[INFO] [stdout] 
[INFO] [stdout] error[E0599]: no function or associated item named `from_bytes` found for type `u128` in the current scope
[INFO] [stdout]   --> /opt/rustwide/cargo-home/registry/src/github.com-1ecc6299db9ec823/network-endian-0.1.5/src/NetworkEndianU128.rs:16:76
[INFO] [stdout]    |
[INFO] [stdout] 16 |         u128::from_be(u128::from_bytes(self.0)).partial_cmp(&u128::from_be(u128::from_bytes(other.0)))
[INFO] [stdout]    |                                                                                  ^^^^^^^^^^
[INFO] [stdout]    |                                                                                  |
[INFO] [stdout]    |                                                                                  function or associated item not found in `u128`
[INFO] [stdout]    |                                                                                  help: there is an associated function with a similar name: `from_be`
[INFO] [stdout] 
[INFO] [stdout] 
[INFO] [stdout] error[E0599]: no function or associated item named `from_bytes` found for type `u128` in the current scope
[INFO] [stdout]   --> /opt/rustwide/cargo-home/registry/src/github.com-1ecc6299db9ec823/network-endian-0.1.5/src/NetworkEndianU128.rs:25:23
[INFO] [stdout]    |
[INFO] [stdout] 25 |         u128::from_be(u128::from_bytes(self.0)).cmp(&u128::from_be(u128::from_bytes(other.0)))
[INFO] [stdout]    |                             ^^^^^^^^^^
[INFO] [stdout]    |                             |
[INFO] [stdout]    |                             function or associated item not found in `u128`
[INFO] [stdout]    |                             help: there is an associated function with a similar name: `from_be`
[INFO] [stdout] 
[INFO] [stdout] 
[INFO] [stdout] error[E0599]: no function or associated item named `from_bytes` found for type `u128` in the current scope
[INFO] [stdout]   --> /opt/rustwide/cargo-home/registry/src/github.com-1ecc6299db9ec823/network-endian-0.1.5/src/NetworkEndianU128.rs:25:68
[INFO] [stdout]    |
[INFO] [stdout] 25 |         u128::from_be(u128::from_bytes(self.0)).cmp(&u128::from_be(u128::from_bytes(other.0)))
[INFO] [stdout]    |                                                                          ^^^^^^^^^^
[INFO] [stdout]    |                                                                          |
[INFO] [stdout]    |                                                                          function or associated item not found in `u128`
[INFO] [stdout]    |                                                                          help: there is an associated function with a similar name: `from_be`
[INFO] [stdout] 
[INFO] [stdout] 
[INFO] [stdout] error[E0599]: no method named `to_bytes` found for type `u128` in the current scope
[INFO] [stdout]    --> /opt/rustwide/cargo-home/registry/src/github.com-1ecc6299db9ec823/network-endian-0.1.5/src/NetworkEndianU128.rs:113:43
[INFO] [stdout]     |
[INFO] [stdout] 113 |         NetworkEndianU128(native_endian.to_be().to_bytes())
[INFO] [stdout]     |                                                 ^^^^^^^^ method not found in `u128`
[INFO] [stdout]     |
[INFO] [stdout]     = help: items from traits can only be used if the trait is implemented and in scope
[INFO] [stdout] note: `NetworkEndian` defines an item `to_bytes`, perhaps you need to implement it
[INFO] [stdout]    --> /opt/rustwide/cargo-home/registry/src/github.com-1ecc6299db9ec823/network-endian-0.1.5/src/NetworkEndian.rs:6:1
[INFO] [stdout]     |
[INFO] [stdout] 6   | pub trait NetworkEndian: Sized + Default + Debug + Copy + Clone + PartialOrd + Ord + PartialEq + Eq + Hash + Display + Serialize + DeserializeOwned
[INFO] [stdout]     | ^^^^^^^^^^^^^^^^^^^^^^^^^^^^^^^^^^^^^^^^^^^^^^^^^^^^^^^^^^^^^^^^^^^^^^^^^^^^^^^^^^^^^^^^^^^^^^^^^^^^^^^^^^^^^^^^^^^^^^^^^^^^^^^^^^^^^^^^^^^^^^^^^^^
[INFO] [stdout] 
[INFO] [stdout] 
[INFO] [stdout] error[E0599]: no function or associated item named `from_bytes` found for type `u128` in the current scope
[INFO] [stdout]    --> /opt/rustwide/cargo-home/registry/src/github.com-1ecc6299db9ec823/network-endian-0.1.5/src/NetworkEndianU128.rs:126:9
[INFO] [stdout]     |
[INFO] [stdout] 126 |         u128::from_bytes(self.0)
[INFO] [stdout]     |               ^^^^^^^^^^
[INFO] [stdout]     |               |
[INFO] [stdout]     |               function or associated item not found in `u128`
[INFO] [stdout]     |               help: there is an associated function with a similar name: `from_be`
[INFO] [stdout] 
[INFO] [stdout] 
[INFO] [stdout] error: aborting due to 19 previous errors
[INFO] [stdout] 
[INFO] [stdout] 
[INFO] [stdout] Some errors have detailed explanations: E0554, E0599.
[INFO] [stdout] 
[INFO] [stdout] For more information about an error, try `rustc --explain E0554`.
[INFO] [stdout] 
[INFO] [stderr] error: could not compile `network-endian`.
[INFO] [stderr] 
[INFO] [stderr] To learn more, run the command again with --verbose.
[INFO] running `Command { std: "docker" "inspect" "65cdef657b87cea3a97eb18f0dae380435501e8557af12f42be32b8229326982", kill_on_drop: false }`
[INFO] running `Command { std: "docker" "rm" "-f" "65cdef657b87cea3a97eb18f0dae380435501e8557af12f42be32b8229326982", kill_on_drop: false }`
[INFO] [stdout] 65cdef657b87cea3a97eb18f0dae380435501e8557af12f42be32b8229326982
